 -9?
-8d
In base 2, what is 11 + 1011111?
1100010
In base 14, what is 4 + 143?
147
In base 7, what is -1 + -6102?
-6103
In base 14, what is 888 + 3?
88b
In base 3, what is 222000 + 10?
222010
In base 16, what is 1ed4 + 4?
1ed8
In base 15, what is 290 - 2?
28d
In base 11, what is -22 + 8a?
68
In base 12, what is -70 + 3?
-69
In base 4, what is 101 - -2?
103
In base 8, what is -1153 - -5?
-1146
In base 10, what is 5 - 287?
-282
In base 9, what is 13 + -334?
-321
In base 4, what is 201 + 130?
331
In base 7, what is 42 - 32?
10
In base 14, what is -16 - 100?
-116
In base 4, what is 3211 - 0?
3211
In base 13, what is -5 + b68?
b63
In base 9, what is -5 - 41?
-46
In base 3, what is -1212012222 + -1?
-1212020000
In base 5, what is 11 - -1422?
1433
In base 5, what is -24 + -2001?
-2030
In base 2, what is 100 + 1111010?
1111110
In base 2, what is -101011001001 - 11?
-101011001100
In base 9, what is 62 + 8?
71
In base 16, what is 1ba - 6?
1b4
In base 4, what is -3 - -2320?
2311
In base 16, what is -fa - -5?
-f5
In base 3, what is 12 - 2211?
-2122
In base 6, what is -15042 - -2?
-15040
In base 2, what is 100 - -1000111?
1001011
In base 16, what is -46b + -a?
-475
In base 7, what is -2131 - -12?
-2116
In base 13, what is -3 - 88?
-8b
In base 5, what is 4001 - -2?
4003
In base 7, what is -21 - 326?
-350
In base 6, what is -4 + 124?
120
In base 8, what is 102 - 0?
102
In base 5, what is 1 + -3134?
-3133
In base 14, what is -3 + -5?
-8
In base 7, what is 2 + 34?
36
In base 2, what is -111 - 11010?
-100001
In base 9, what is -44 + 66?
22
In base 4, what is 21300 + 0?
21300
In base 15, what is -1a + 6?
-14
In base 13, what is -5 - -160?
158
In base 5, what is 1 - 12?
-11
In base 15, what is -112 - 15?
-127
In base 13, what is -1 - -6?
5
In base 6, what is 535 + 5?
544
In base 10, what is -49 + -5?
-54
In base 8, what is -2 - -73?
71
In base 15, what is 2 + ee?
101
In base 14, what is -c + -1b0?
-1bc
In base 15, what is 56 + 2?
58
In base 9, what is 281 + 4?
285
In base 10, what is 1 + 204?
205
In base 8, what is 436 + 27?
465
In base 14, what is -147 - 6?
-14d
In base 6, what is 3 + 4433?
4440
In base 7, what is 455 - -4?
462
In base 5, what is 312 + -114?
143
In base 9, what is 5 + -5867?
-5862
In base 11, what is -1 + 126?
125
In base 4, what is 0 - -112?
112
In base 14, what is -4 + 39d?
399
In base 14, what is 61 - 0?
61
In base 6, what is 14 - 50?
-32
In base 14, what is -127 - -5?
-122
In base 4, what is -22 + 230?
202
In base 3, what is -1010202 - -20?
-1010112
In base 13, what is -4 + -521?
-525
In base 4, what is -22 + 11010?
10322
In base 15, what is -46 + -b?
-52
In base 7, what is -263 + 4?
-256
In base 15, what is 4 - ad?
-a9
In base 5, what is -10 + -122?
-132
In base 15, what is -1 - -5c?
5b
In base 14, what is 3a5 + 1?
3a6
In base 5, what is -42 + 113?
21
In base 6, what is 1 - 1414?
-1413
In base 4, what is 33 - 131?
-32
In base 6, what is 5114 - 3?
5111
In base 7, what is 2 - -365?
400
In base 4, what is 10 + -11100?
-11030
In base 12, what is 3 - -899?
8a0
In base 9, what is -12 + 232?
220
In base 3, what is 120 + -2000?
-1110
In base 3, what is -121 + 1011?
120
In base 6, what is 2140 - 4?
2132
In base 13, what is 1a - a?
10
In base 7, what is 2326 + -3?
2323
In base 11, what is -5 + -248a?
-2494
In base 6, what is 3 + 20340?
20343
In base 13, what is 4 - 19a?
-196
In base 10, what is -3 - 53?
-56
In base 10, what is -3 + -1227?
-1230
In base 10, what is 4 - -162?
166
In base 16, what is -23 - -2?
-21
In base 2, what is -110101110 - -100?
-110101010
In base 5, what is 13 + -21140?
-21122
In base 5, what is -1300 - -1?
-1244
In base 10, what is 2 - 1684?
-1682
In base 9, what is 3 + -131?
-127
In base 14, what is 3 + 11?
14
In base 12, what is -3084 + 3?
-3081
In base 15, what is 4b - 70?
-24
In base 6, what is -1010 - 5?
-1015
In base 9, what is -701 - 11?
-712
In base 12, what is 36 + -a?
28
In base 2, what is -111 + -1001?
-10000
In base 10, what is -946 + 4?
-942
In base 5, what is 0 - -23321?
23321
In base 10, what is -2 + 827?
825
In base 4, what is -23 + -1002?
-1031
In base 11, what is -3 + 124?
121
In base 9, what is -16521 - -1?
-16520
In base 10, what is -2 - 128?
-130
In base 2, what is -11 - -1000100000001?
1000011111110
In base 13, what is -18 - -1b?
3
In base 8, what is -114 - -7?
-105
In base 3, what is -100 - 2?
-102
In base 12, what is 1 - -53?
54
In base 16, what is c79 + -5?
c74
In base 6, what is 124 - -4?
132
In base 8, what is 11 - 24?
-13
In base 10, what is 1 + -11?
-10
In base 8, what is -222 - -21?
-201
In base 16, what is 20 - -24e?
26e
In base 7, what is 5 + 13263?
13301
In base 11, what is 549 + -9?
540
In base 6, what is 1 - 1434?
-1433
In base 10, what is 2 - 96?
-94
In base 10, what is -3 - -233?
230
In base 2, what is 100 - 101010?
-100110
In base 13, what is -1aa1 - 0?
-1aa1
In base 15, what is -1bb - -4?
-1b7
In base 10, what is -3 - 385?
-388
In base 4, what is -221 + -31?
-312
In base 12, what is a - 8?
2
In base 14, what is 1a - 5?
15
In base 2, what is -11 - -1110?
1011
In base 2, what is 101111 + 100?
110011
In base 9, what is 61 + 0?
61
In base 14, what is 1 - -179?
17a
In base 2, what is -111110111011 - -101?
-111110110110
In base 10, what is 3 - 3686?
-3683
In base 14, what is -5c + -2c?
-8a
In base 15, what is -1 - 1d?
-1e
In base 15, what is 376 - -1?
377
In base 6, what is 430 + 5?
435
In base 14, what is 5a - 6?
54
In base 10, what is 743 + 23?
766
In base 12, what is 2 - 13?
-11
In base 16, what is a2 - -1?
a3
In base 4, what is -1 + -31?
-32
In base 5, what is 1402 + 10?
1412
In base 16, what is da - 15?
c5
In base 14, what is -1691 + 5?
-168a
In base 3, what is -11 - 221202?
-221220
In base 11, what is -1a + -89?
-a8
In base 11, what is -468 - -3?
-465
In base 3, what is -12 + -21110022?
-21110111
In base 7, what is -3 - -1065?
1062
In base 12, what is -6 - 688?
-692
In base 10, what is 0 - 6645?
-6645
In base 14, what is 1 + 59?
5a
In base 4, what is -1222 - 11?
-1233
In base 9, what is 2866 - -12?
2878
In base 16, what is -c + 5?
-7
In base 9, what is -1 - 11333?
-11334
In base 16, what is -2b2 - 0?
-2b2
In base 10, what is 145 + -1?
144
In base 5, what is -2 - -213?
211
In base 10, what is -2323 - -4?
-2319
In base 13, what is -36 - 1?
-37
In base 14, what is 5 + 5?
a
In base 2, what is -10011 - 1011010011?
-1011100110
In base 9, what is 12747 - -3?
12751
In base 7, what is 14 + 30?
44
In base 13, what is -2 + 43?
41
In base 10, what is 262 - -66?
328
In base 4, what is 11 + 0?
11
In base 14, what is 3 + 15?
18
In base 8, what is 11 + 261?
272
In base 15, what is -1 - -b?
a
In base 10, what is -4 - 698?
-702
In base 7, what is -10 + 4?
-3
In base 4, what is 1313 - 2?
1311
In base 2, what is -100 + 11110111?
11110011
In base 2, what is 101 - -100111001110?
100111010011
In base 15, what is 3 + -d2?
-ce
In base 13, what is aa - -7?
b4
In base 7, what is -2 - 16?
-21
In base 10, what is 11 - 323?
-312
In base 14, what is 22 - 1?
21
In base 13, what is 280 - -3?
283
In base 6, what is -1 + 32?
31
In base 11, what is 321 + -a?
312
In base 5, what is 22040 + 0?
22040
In base 14, what is -1 + 4d?
4c
In base 3, what is 1211 - 10112?
-1201
In base 8, what is 10 - 1123?
-1113
In base 12, what is 17 + -3?
14
In base 6, what is -5 + -21413?
-21422
In base 14, what is 2498 - -4?
249c
In base 14, what is 59b + 5?
5a2
In base 11, what is -27 - -3?
-24
In base 6, what is 0 + 504?
504
In base 14, what is -90 + -4?
-94
In base 12, what is 5 - -8?
11
In base 15, what is 1d5a - 1?
1d59
In base 2, what is 110111 - 101110?
1001
In base 16, what is 15 + ec?
101
In base 10, what is 8 + 5?
13
In base 15, what is 23a - 4?
236
In base 9, what is 3080 - 0?
3080
In base 12, what is 10 - 18?
-8
In base 10, what is -363 - -8?
-355
In base 8, what is -113 + -13?
-126
In base 3, what is -1122 - 20?
-1212
In base 10, what is 6 - 14?
-8
In base 14, what is -65 + -1?
-66
In base 5, what is -23 - -412?
334
In base 4, what is -123330 - 11?
-130001
In base 16, what is -4 + -18ef?
-18f3
In base 6, what is 3224 + 3?
3231
In base 3, what is -10 - 2?
-12
In base 16, what is 17 - -13?
2a
In base 8, what is -4 - -16723?
16717
In base 6, what is -15453 + 12?
-15441
In base 15, what is 1 - 33?
-32
In base 7, what is 516 - -1?
520
